- s + 0*s. Let a be 4/(-38) + (10 - 72/38). Determine n(a).
3
Let h(w) = -3*w**3 - 2*w**2 + 3*w + 2. Let g be (-18)/(-12) + (-2)/((-16)/1268). Let u = -162 + g. What is h(u)?
12
Let t(d) = d**3 - 29*d**2 - 32*d + 59. Suppose -4*k - 12*v + 14*v + 110 = 0, -k - 3*v = -45. Determine t(k).
-1
Let q = 1180 - 1189. Let o(u) = u**2 + 17*u + 5. Calculate o(q).
-67
Let f(b) = -b**3 - b**2 + b - 1. Let p(x) = -18*x**2 + 25*x**2 - 5*x + 3*x**3 + 8 - 1. Let q(y) = 2*f(y) + p(y). What is q(-5)?
20
Let p(v) = 95*v**2 + 11*v - 6. Let h(m) = 54*m**2 + 5*m - 3. Let c(b) = -7*h(b) + 4*p(b). Determine c(6).
123
Let q(r) be the second derivative of -4*r - 1/4*r**4 + 2*r**2 + 2/3*r**3 + 0 - 1/20*r**5. Let y(o) = o**3 - 5*o**2 + 3*o. Let x be y(4). Give q(x).
4
Let d(o) = 248 + o**2 - 7*o - 3*o + 0*o**2 - 228. Give d(6).
-4
Suppose 26*m - 98*m - 72 = 0. Let k(z) = 11*z**3 - 2*z. Let p(d) = d - 1. Let s(g) = -k(g) - p(g). Calculate s(m).
11
Let x(c) = -c**2 - 7*c + 3. Let y = 108 - 93. Suppose 5*g = y, -5*v = 5*g - 6 + 26. Determine x(v).
3
Let p(g) = -57*g + 3307. Let b be p(58). Let t(s) = -s**2 - 10*s + 3. Let w be t(-10). Let k(j) = -2*j - 1 + 6*j - w*j. Give k(b).
0
Let r(f) = -152*f**2 - 9*f - 5. Let n(g) = 130*g**2 + 9*g + 4. Let z(y) = -7*n(y) - 6*r(y). Determine z(6).
20
Let y(v) = v**2 - 57 - 8*v + 6*v + 10*v. Determine y(-13).
8
Suppose 5*s - 2*h + 60 = 0, 5*s - 66 = 3*h - 121. Let o(a) = a**2 + 18*a + 75. What is o(s)?
19
Let x(t) = -t**3 - 4*t**2 + 13*t. Suppose 3*k = -15, 2*k + 66 = 5*b + 86. Calculate x(b).
-6
Let x(d) = d**3 - 84*d**2 - 16*d + 1372. Let s be x(84). Let j(a) = 9*a - 284. What is j(s)?
-32
Let v = 1963 - 1965. Let i(d) = 2*d**2 + 3*d + 2. Calculate i(v).
4
Suppose v = 2*a + 107, -5*v - 3*a = -0*a - 574. Let n(b) = -53 - 60 - 5*b**2 + v. Determine n(-1).
-5
Let v(z) = -z**2 + 30*z - 39. Let s(y) = -2*y**2 + 58*y - 76. Let f(b) = -3*s(b) + 5*v(b). Let q be f(22). Let w(o) = -o**2 - 13*o - 14. Calculate w(q).
8
Let z(w) be the second derivative of -2*w**4/3 - 29*w**3/6 - 11*w**2 + 9262*w. Give z(-3).
-7
Let k(a) = a**2 + 33*a + 251. Let n be (-28 + -2)*346/519. Calculate k(n).
-9
Let z(l) = 3*l + 1. Let b(x) = -10*x - 171. Let d be b(-17). Let i be (-210)/(-35) - ((d - -1) + 2). What is z(i)?
13
Let q(r) = -r**2 - 85*r + 730. Let y be q(-93). Let v(i) = i**3 + 13*i**2 - 15*i - 22. Give v(y).
-8
Let q(c) = 96*c + 102*c + 97*c - 490*c + 9 + 100*c + 98*c. Suppose 0 = 2*n - 4*x + 9 + 11, n + 3*x - 10 = 0. Let a = -8 - n. Calculate q(a).
-9
Let b(n) = -n**3 - 10*n**2 - 21*n - 28. Let y = 111 + -119. Give b(y).
12
Let x(q) be the third derivative of q**8/20160 - q**7/1260 + q**6/240 - 11*q**5/30 - 85*q**2. Let n(b) be the third derivative of x(b). What is n(7)?
24
Let n(j) = -8*j + 1. Let s(r) = -16*r + 1. Let c(m) = 49*m - 3. Let b(t) = 2*c(t) + 7*s(t). Let y(p) = 3*b(p) - 5*n(p). What is y(-1)?
0
Let o be 258/344 - (-6)/24. Let t(y) = -12*y + 19. What is t(o)?
7
Let v(q) be the third derivative of -q**5/15 + q**4/8 - 2*q**3/3 - 10*q**2 - 4. Let i(h) = -4*h**2 + 2*h - 3. Let d(a) = -4*i(a) + 3*v(a). Give d(-1).
3
Let k(o) be the third derivative of -o**6/120 + o**4/24 - 17*o**3/3 + 17691*o**2 - o - 2. Let g = 1 - 1. Calculate k(g).
-34
Suppose c - 21 = -2*c. Suppose 9 = -c*k + 93. Let u be -6 - -5 - k/(-3). Let j(d) = -d**3 + 4*d - 3. Calculate j(u).
-18
Let n(y) = -12*y - 62. Let l = -9887 - -9881. Give n(l).
10
Suppose -y + 3 = -2*y. Let o(m) = 4856587*m + 5 - 1 - 4856586*m. Calculate o(y).
1
Let g(c) = 48*c - 2. Let k be 2 + 1/5*(7 + 1 + -8). Give g(k).
94
Suppose 4*k - 4 = 0, k - 7 = -4*q + 2. Let u(c) = 6*c - c**2 - 5 - 5*c + 4. Let o be u(q). Let z(y) = y**3 + 3*y**2 + y - 2. What is z(o)?
-5
Let d(m) be the third derivative of -m**6/120 + m**4/8 - m**3/6 - 176*m**2 - m. Suppose f - 2*f - 4*t = -10, 3*f + 2 = 4*t. Determine d(f).
-3
Let y(w) = 9*w**3 + 4*w**2 - 4*w - 4. Let v(i) be the third derivative of i**5/60 + 164*i**2. Let h(b) = 4*v(b) - y(b). Give h(-1).
9
Suppose 122*n - 56 = 120*n. Let h be 496/28 + 8/n. Let q(d) = -2*d + h + 10*d - 8*d + d. Determine q(-12).
6
Let r = -364 + 678. Let f(s) = -r*s + 1 - 316*s + 626*s. Calculate f(4).
-15
Suppose -124 = 5*y - x, 5*y + 38 + 62 = -5*x. Let j be (0 + 1)*-1*y/(-8). Let k(h) = h**3 + 4*h**2 - 1. Determine k(j).
8
Let d be (3 - 2)/((-4)/4). Let j(l) = 4*l + 7. Let n(u) = u. Let v(f) = d*j(f) + 5*n(f). Let z = -3830 + 3840. Determine v(z).
3
Let c be ((-25)/(-20))/(2/(-8)). Let o(f) = -4*f - 1. Let l(w) be the third derivative of w**4/8 + w**3/3 + 8*w**2. Let m(r) = c*l(r) - 4*o(r). Calculate m(3).
-3
Let i(x) be the third derivative of x**6/20 - x**4/24 - x**3/6 + 150*x**2 - 17. Suppose 5 = -5*p - 0. What is i(p)?
-6
Suppose h - 206 = 439. Let z = h + -638. Let c(s) = -2*s - 5. Give c(z).
-19
Let l(k) = -k**3 - 6*k**2 - k - 7. Suppose -3*o - 39 = p + 163, 5*p + 3*o + 1010 = 0. Let q = -208 - p. What is l(q)?
-1
Let n(m) = m**3 + 10*m**2 + 20*m + 220. Suppose -8*d = 1338 - 1258. What is n(d)?
20
Let v(h) = h**3 - h**2 - 2*h - 1. Let c(g) = 5*g**3 - 16*g**2 - 20*g + 7. Let m(r) = -c(r) + 6*v(r). Let f be ((-90)/(-25))/(6/(-15)). Give m(f).
-4
Suppose 0 = 24*z + 53*z + 539. Let g(u) = 6*u + 3. Give g(z).
-39
Let d(n) = -n + 3*n**2 + 1040 - 5*n**3 - 1039 - 2*n. Let t(b) = 7*b**3 - 4*b**2 + 4*b. Let k(p) = 3*d(p) + 2*t(p). Calculate k(0).
3
Suppose 0*u = -5*u. Suppose -4*i + 5*w - 167 = u, -3*w = -5*i - 4*w - 187. Let x = 33 + i. Let h(z) = -z**2 - 2*z - 1. What is h(x)?
-16
Let r(m) = -m**2 + m + 11. Let s = 70 - 91. Let f be (-6)/s + (-2)/7. Give r(f).
11
Suppose -2*p - 5*f = -5, 3*p - 2 = -3*f + 10. Let w(r) be the second derivative of 1/10*r**p + 0 + 1/2*r**2 + 9*r - 1/3*r**3 + 0*r**4. What is w(-2)?
-11
Let s(l) = l**2 + 3*l - 2. Let g(w) = -4*w + 16. Let k(o) = 3*o - 17. Let y(p) = -2*g(p) - 3*k(p). Let c be y(0). Let b = c + -24. Give s(b).
8
Let q(a) = -876*a - 1194*a + 2053*a + 49. Give q(3).
-2
Let c(t) be the second derivative of 0*t**3 + 9*t - 1/180*t**6 + 0*t**2 - 7/6*t**4 + 0 - 1/40*t**5. Let o(y) be the third derivative of c(y). Give o(3).
-15
Let j(r) = 2*r**2 + 17*r + 1. Suppose 66*s + 3*w - 43 = 71*s, -s + 5*w = 13. Determine j(s).
-7
Suppose -a + 20 = 3*a. Let k(r) = -15056 + 30094 - 15029 - r**2. Give k(a).
-16
Let h be (8 - 6)*(3 + 5). Let c(t) = 0*t - h - 4*t + 2*t + t. Give c(-10).
-6
Let g(b) = -3*b + 35. Let n(c) = 4*c - 35. Let y(f) = 3*g(f) + 4*n(f). Let q be y(5). Let v(d) = -d**3 + 4. Give v(q).
4
Let o(m) = 3*m**2 + 2*m - 7. Suppose 0 = -2*d - 8, -5*h - 3*d + 13 = -30. Let q(x) = -16*x**2 - 9*x + 36. Let f(b) = h*o(b) + 2*q(b). Determine f(-7).
16
Let i(o) = 3*o**3 + 22*o**2 - 1786*o - 21. Let f(r) = -r**3 - 11*r**2 + 712*r + 11. Let d(t) = -5*f(t) - 2*i(t). Let j be ((-9)/4)/(6/(-32)). Calculate d(j).
-13
Let h(i) = 3*i**2 + 0*i**2 - 2*i**2 + 8 - 9*i. Let w(r) = r**2 + 14*r - 90. Let o be w(-29). Suppose -47 = -49*c + o. Determine h(c).
0
Suppose 153*i + 581 = -337. Let b(p) = -2*p - 14. Give b(i).
-2
Suppose -3*p + 254 = p + 226. Let m(k) = -k**3 + 5*k**2 + 13*k - 9. Give m(p).
-16
Let a(k) = k**3 + 6*k**2 + 4*k + 1. Let z = 181 - 178. Suppose 5*l - z = -n - 22, -2*n = 4*l + 20. Calculate a(n).
17
Let p = 17 + -22. Let o(h) = 3*h**2 - 19*h + 5. Suppose 0 = 15*f - 8*f + 35. Let u(v) = -v**2 + 9*v - 2. Let t(x) = f*u(x) - 2*o(x). Calculate t(p).
10
Let p(t) be the first derivative of t**4/4 + 4*t**3/3 - 7*t**2/2 + 9*t + 2590. What is p(-6)?
-21
Let x(r) = 111*r - 4335. Let a be x(39). Let d(h) = -h - 14. What is d(a)?
-8
Let m(i) = 4*i**2 + 10*i + 21. Let l be m(-5). Let o = -77 + l. Let q(u) = u + 1. Give q(o).
-5
Let t(l) be the first derivative of -l**4/4 + 2*l**3 + 4*l**2 - 7*l - 2587. Let f be -2*(1 + (-15)/6). Let x be f/(-2)*(-28)/6. Calculate t(x).
0
Let q(n) = -4*n - 24. Let k = 950 - 958. Determine q(k).
8
Let s(y) = -y**3 + 6*y**2 + 9*y - 9. Let f(r) = r + 20. Suppose 60 = -8*a - 52. Let z be f(a). What is s(z)?
45
Suppose 8 = -57*t + 59*t. Suppose -8 = -2*a + t. Let c(x) = -x**3 - x**2 + x**2 - x**2 + 7*x**2 + 5. Give c(a).
5
Let s(x) be the second derivative of x**3/6 - 2*x**2 - x. Suppose -14*w + 19*w + 915 = 0. Let o = w - -177. Calculate s(o).
-10
Let p(f) = -31*f**3 - 18*f**2 - 10*f. Let u(d) = -35*d**3 - 19*d**2 - 11*d + 1. Let w(n) = 9*p